).
628
Let o(g) = 683*g - 38264. Calculate o(56).
-16
Let v(m) = 7*m**3 - 4*m**2 + 15*m + 25. Give v(3).
223
Let u(g) = 16520*g + 958003. Give u(-58).
-157
Let x(u) = -13757*u - 13722. Give x(-1).
35
Let b(g) = -g**3 + 223*g**2 + 1533*g + 951. Determine b(-6).
-3
Let v(t) = -151*t**2 - 1384*t + 33. Calculate v(-9).
258
Let j(b) = -1173*b**3 - 9377*b**2 + 67*b + 77. Calculate j(-8).
-11
Let d(y) = -325462*y + 976403. Give d(3).
17
Let k(r) = -18629*r + 316711. Calculate k(17).
18
Let w(v) = -90*v**3 - 12*v**2 - 80*v - 99. Calculate w(-2).
733
Let x(v) = -2*v**2 - 86*v + 6471. Calculate x(-83).
-169
Let v(d) = -d**2 + 8077*d + 660794. What is v(-81)?
-4
Let g(w) = -w**2 + 6628*w - 237653. Calculate g(36).
-341
Let y(p) = -17*p**3 + 77*p**2 + 1206*p + 42. Calculate y(11).
-2
Let p(o) = -21*o**3 - 3*o**2 - 11*o + 3. Give p(-3).
576
Let y(r) = -3*r**2 + 10172*r - 161979. Calculate y(16).
5
Let b(c) = 101910*c - 101932. Calculate b(1).
-22
Let h(b) = 2*b**2 + 2200*b - 550245. What is h(210)?
-45
Let m(a) = a**3 - 202*a**2 + 761*a + 6102. What is m(198)?
-36
Let w(l) = -9*l**3 - 3419*l**2 + 13671*l - 15. Give w(4).
-611
Let f(m) = 2*m**3 + 21*m**2 - 110*m + 97. What is f(-14)?
265
Let g(c) = 429*c + 44744. Give g(-108).
-1588
Let a(x) = -6672*x**2 - 46700*x + 22. Give a(-7).
-6
Let o(z) = -383*z + 32013. Give o(82).
607
Let a(l) = -2*l**3 + 31*l**2 + 18*l - 161. Determine a(9).
1054
Let x(o) = -o**2 + 10709*o - 18738719. Calculate x(2203).
-1
Let u(x) = x**2 + 39*x - 1663. What is u(27)?
119
Let y(j) = 4*j**3 + 122*j**2 + 491*j - 17. What is y(-4)?
-285
Let b(u) = -u**2 - 1058*u - 105990. What is b(-112)?
-38
Let v(t) = -16967*t - 6651065. Calculate v(-392).
-1
Let f(h) = 2*h**3 - 282*h**2 + 3775*h + 628. Give f(126).
-2
Let f(t) = 1518*t + 102697. What is f(-67)?
991
Let y(q) = 422*q + 6460. Determine y(-15).
130
Let c(k) = k**2 + 127*k - 745062. Determine c(802).
-4
Let z(k) = -1252*k - 196538. Calculate z(-157).
26
Let n(w) = 2*w**2 - 346*w + 758. What is n(171)?
74
Let g(z) = -2*z**2 - 11417*z - 1461293. Give g(-131).
12
Let w(d) = -d**2 + 133*d + 14476. Determine w(-71).
-8
Let t(w) = 2*w**3 - 347*w**2 + 188*w - 770. Determine t(173).
1825
Let m(w) = -740*w - 17889. Give m(-24).
-129
Let n(j) = -58790*j + 13580490. Calculate n(231).
0
Let u(f) = f**3 + 666*f**2 + 2324*f + 661377. Calculate u(-664).
33
Let z(k) = k**2 - 483*k - 26719. Calculate z(-53).
1689
Let v(i) = 332597*i - 2993372. Calculate v(9).
1
Let i(o) = o**3 + 8*o**2 - 19*o - 161. Determine i(-5).
9
Let f(x) = -9*x**2 + 73*x + 696. Determine f(13).
124
Let l(r) = 15315*r + 15382. Give l(-1).
67
Let w(h) = 2*h**2 + 19310*h - 154605. What is w(8)?
3
Let r(h) = h**3 + 151*h**2 - 12958*h + 1605. Give r(61).
19
Let c(g) = -6997*g + 55960. What is c(8)?
-16
Let t(j) = 6*j**3 + 38*j**2 - 314*j + 1136. Calculate t(-12).
8
Let c(m) = 29619*m - 8382182. Determine c(283).
-5
Let w(r) = 4*r**2 + 173*r + 545. Determine w(-37).
-380
Let y(q) = -3430*q - 78848. Give y(-23).
42
Let l(q) = -20*q + 5106. Determine l(258).
-54
Let f(l) = l**3 - 3*l**2 + 886*l - 7118. What is f(8)?
290
Let m(h) = -190*h**3 + 377*h**2 + 45*h - 93. What is m(2)?
-15
Let k(h) = 154*h + 747. Give k(11).
2441
Let p(a) = -a**3 + 2568*a**2 + 8914*a - 22891153. What is p(2568)?
-1
Let i(l) = 86*l**2 - 1445*l - 41. Give i(17).
248
Let h(c) = 114*c**3 + 1137*c**2 - 2*c + 108. What is h(-10)?
-172
Let t(y) = 13*y**3 - 1029*y**2 + 164*y - 461. What is t(79)?
13
Let w(u) = -1948297*u - 13638078. What is w(-7)?
1
Let g(o) = -5373*o + 2283542. Calculate g(425).
17
Let p(c) = -c**3 - 683*c**2 - 2799*c - 56467. Give p(-679).
-110
Let s(i) = -i**3 + 37*i**2 + 282*i - 178. What is s(-7)?
4
Let h(f) = 9*f**2 + 697*f + 3681. Calculate h(-71).
-437
Let i(l) = -300*l - 4367. What is i(-16)?
433
Let h(r) = -r**3 + 32*r**2 + 421*r + 547. Calculate h(-9).
79
Let l(r) = -2041*r + 194049. Calculate l(95).
154
Let a(o) = -o**3 - 14*o**2 - 2903*o - 40639. Give a(-14).
3
Let j(y) = -60*y + 680. Determine j(25).
-820
Let l(u) = 2*u**3 + 119*u**2 - 166*u - 867. Calculate l(-61).
-1904
Let c(u) = -2*u**3 + 109*u**2 + 221*u + 3686. Determine c(57).
38
Let x(n) = 4*n**3 - 43*n**2 - 101*n - 957. Calculate x(14).
177
Let z(h) = -3*h**3 - 186*h**2 + 53*h + 184. Calculate z(-62).
-3102
Let t(l) = -27*l**2 - 115*l + 654. Calculate t(6).
-1008
Let j(b) = 11292*b + 2506827. Calculate j(-222).
3
Let m(q) = -7*q**2 + 8870*q - 26623. Give m(3).
-76
Let d(o) = -3*o**3 + 76*o**2 - 113*o + 1893. Calculate d(25).
-307
Let g(i) = -1652*i + 28089. What is g(17)?
5
Let b(r) = -49*r**2 - 435*r - 420. Give b(-8).
-76
Let o(i) = -304*i + 52130. Give o(172).
-158
Let c(n) = n**3 - 7*n**2 - 351*n - 7. Calculate c(23).
384
Let n(r) = 169*r - 65757. Give n(389).
-16
Let v(d) = 220*d - 20144. Calculate v(95).
756
Let z(v) = -4*v**3 + 112*v**2 + 11*v - 306. What is z(28)?
2
Let v(z) = -373*z + 239. Determine v(-3).
1358
Let g(k) = 203*k + 306. Determine g(-27).
-5175
Let q(o) = o**3 + 10*o**2 - 260*o - 1378. Give q(-5).
47
Let u(w) = -5557*w - 14223. What is u(-2)?
-3109
Let s(w) = -742*w + 101652. Calculate s(136).
740
Let v(i) = i**3 - 44*i**2 + 12*i - 4306. Determine v(46).
478
Let r(b) = 820*b**3 - 66*b**2 + 69*b. Determine r(1).
823
Let d(g) = -1391*g + 6905. Give d(5).
-50
Let g(k) = -143*k**2 + 50*k + 16. What is g(3)?
-1121
Let c(s) = 25*s**2 - 2562*s + 18901. What is c(8)?
5
Let l(n) = -3*n**3 + 887*n**2 - 1458*n - 3481. Give l(294).
47
Let m(v) = -16*v**3 - 79*v**2 + 24*v + 72. What is m(-8)?
3016
Let w(t) = 5133*t - 56504. What is w(11)?
-41
Let p(x) = -x**2 + 306*x + 247408. What is p(-367)?
417
Let c(v) = -21*v**3 + 86*v**2 + 81*v - 7. What is c(-1)?
19
Let w(y) = -5*y**2 - 697*y - 15711. Give w(-111).
51
Let i(s) = -s**3 - 32*s**2 + 605*s - 1876. Give i(4).
-32
Let o(z) = -530*z**2 - 119249*z + 249. Calculate o(-225).
24
Let j(d) = -31*d**2 + 313*d - 1524. Determine j(6).
-762
Let p(o) = -o**3 - 231*o**2 - 1392*o - 96. Give p(-6).
156
Let v(t) = -37*t**3 - 71*t**2 - 48*t - 94. Give v(-2).
14
Let k(r) = 2*r**2 + 2185*r + 53381. Calculate k(-25).
6
Let f(v) = -v**3 - 136*v**2 - 284*v - 4. Give f(-2).
28
Let d(y) = 1971*y + 108391. What is d(-55)?
-14
Let t(z) = 3*z**3 - 191*z**2 - 427*z + 23286. Give t(64).
54
Let j(t) = -t**3 - 12*t**2 - 7113*t - 78101. What is j(-11)?
21
Let l(u) = -16525*u - 347338. Determine l(-21).
-313
Let s(a) = -a**3 - 19*a**2 - 60*a - 21. Give s(-15).
-21
Let t(l) = -6*l**2 - 825*l - 6328. Calculate t(-8).
-112
Let h(i) = -22*i**2 + 2419*i + 18. Give h(110).
-92
Let d(u) = -6*u**3 - 842*u**2 - 279*u + 28. What is d(-140)?
-112
Let u(p) = -489*p**2 + 3931*p - 146. Determine u(8).
6
Let g(f) = -f**3 - 26*f**2 + 5197*f + 135107. Determine g(-26).
-15
Let n(t) = -6342*t - 50741. Calculate n(-8).
-5
Let b(w) = -6310*w - 69452. Determine b(-11).
-42
Let t(v) = 8880*v**2 - 337440*v - 50. What is t(38)?
-50
Let y(w) = w - 686. Calculate y(-232).
-918
Let n(x) = -x**2 - 9141*x - 337295. What is n(-37)?
-447
Let m(z) = -224*z**2 - 10314*z - 470. Determine m(-46).
-10
Let x(z) = -327*z**2 + 25841*z - 597. Determine x(79).
35
Let x(y) = 30*y - 13678. Determine x(455).
-28
Let y(s) = 30229*s + 362868. Give y(-12).
120
Let h(d) = d**3 - 155*d**2 - 489*d + 2374. What is h(158)?
4
Let o(j) = j**3 + 55*j**2 - 935*j + 1319. Calculate o(-69).
-820
Let z(b) = -2*b**2 - 612*b - 788. Give z(0).
-788
Let a(s) = 2382*s + 30975. Give a(-13).
9
Let j(f) = -3*f**3 - f**2 + 52416*f - 10. Determine j(0).
-10
Let u(a) = a**2 + 368*a + 12650. Determine u(-40).
-470
Let h(a) = -5826*a - 116450. Give h(-20).
70
Let d(v) = 4913*v - 2580. Calculate d(0).
-2580
Let y(n) = -1598*n + 7109. Calculate y(5).
-881
Let k(u) = 362*u**2 - 281273*u - 774. Calculate k(777).
3
Let w(m) = m**3 + 37*m**2 - 76*m + 10. What is w(2)?
14
Let h(i) = -569*i**2 - 814*i - 4. Calculate h(-3).
-2683
Let t(o) = -20*o**2 + 1064*o - 3005. What is t(3)?
7
Let b(c) = 2*c**2 + 5*c - 450704. Give b(-476).
68
Let h(q) = q**2 + 8*q - 3815. What is h(61)?
394
Let x(w) = 36745*w - 808390. What is x(22)?
0
Let f(o) = 6*o**2 + 365*o - 12491. Determine f(-81).
-2690
Let p(j) = -7*j**3 + 304*j**2 + 309*j - 5856. Determine p(44).
-4
Let m(w) = -10*w**3 - 129*w**2 - 154*w - 556. Give m(-12).
-4
Let w(i) = -2077*i 